f 5713893?
3, 719, 883
What are the prime factors of 2604297?
3, 151, 5749
What are the prime factors of 27673?
27673
List the prime factors of 2582963.
17, 151939
List the prime factors of 2389154.
2, 383, 3119
List the prime factors of 707059.
353, 2003
What are the prime factors of 7547691?
3, 2515897
What are the prime factors of 17921?
17921
What are the prime factors of 242758?
2, 121379
What are the prime factors of 4463394?
2, 3, 13, 57223
What are the prime factors of 23008506?
2, 3, 19, 201829
List the prime factors of 106434.
2, 3, 73
List the prime factors of 6561338.
2, 7, 468667
What are the prime factors of 142180?
2, 5, 7109
What are the prime factors of 20060308?
2, 5015077
List the prime factors of 978735.
3, 5, 71, 919
What are the prime factors of 475506?
2, 3, 26417
What are the prime factors of 1847291?
23, 80317
List the prime factors of 13345074.
2, 3, 113
List the prime factors of 71216.
2, 4451
What are the prime factors of 4604743?
11, 13, 2477
What are the prime factors of 386798?
2, 37, 5227
List the prime factors of 254783.
254783
What are the prime factors of 2191776?
2, 3, 17, 79
What are the prime factors of 942103?
23, 40961
What are the prime factors of 1750388?
2, 17, 25741
What are the prime factors of 4341296?
2, 23, 47, 251
List the prime factors of 521417.
13, 19, 2111
List the prime factors of 7802226.
2, 3, 107, 4051
What are the prime factors of 4010886?
2, 3, 11, 47, 431
What are the prime factors of 21416829?
3, 7, 1019849
What are the prime factors of 245396?
2, 31, 1979
What are the prime factors of 462490?
2, 5, 7, 6607
List the prime factors of 17810230.
2, 5, 439, 4057
What are the prime factors of 1405845?
3, 5, 7, 4463
What are the prime factors of 6806376?
2, 3, 31511
List the prime factors of 28807428.
2, 3, 13, 47, 3929
What are the prime factors of 1927755?
3, 5, 42839
List the prime factors of 24636.
2, 3, 2053
What are the prime factors of 631642?
2, 11, 28711
List the prime factors of 14634635.
5, 31, 263, 359
List the prime factors of 1029978.
2, 3, 57221
What are the prime factors of 5468302?
2, 7, 55799
List the prime factors of 10326193.
31, 333103
What are the prime factors of 18184824?
2, 3, 7, 19, 211
List the prime factors of 88150.
2, 5, 41, 43
List the prime factors of 21122673.
3, 11, 13, 53, 929
What are the prime factors of 2382047?
719, 3313
List the prime factors of 444022.
2, 222011
List the prime factors of 314989.
314989
List the prime factors of 679776.
2, 3, 73, 97
What are the prime factors of 2026810?
2, 5, 29, 241
What are the prime factors of 3487218?
2, 3, 7, 79, 1051
What are the prime factors of 1113851?
97, 11483
What are the prime factors of 612367?
7, 87481
What are the prime factors of 14345?
5, 19, 151
List the prime factors of 152496.
2, 3, 353
What are the prime factors of 1966522?
2, 983261
What are the prime factors of 66989?
13, 5153
List the prime factors of 359921.
419, 859
List the prime factors of 6316415.
5, 7, 251, 719
What are the prime factors of 1315313?
19, 37, 1871
List the prime factors of 34285.
5, 6857
List the prime factors of 4762796.
2, 1190699
List the prime factors of 194544.
2, 3, 7, 193
What are the prime factors of 2334700?
2, 5, 37, 631
What are the prime factors of 6041380?
2, 5, 47, 6427
What are the prime factors of 2549598?
2, 3, 73, 5821
What are the prime factors of 498077?
31, 16067
List the prime factors of 15810497.
15810497
What are the prime factors of 1156745?
5, 231349
What are the prime factors of 1076599?
31, 34729
List the prime factors of 25667.
25667
What are the prime factors of 230271?
3, 76757
What are the prime factors of 3475583?
601, 5783
What are the prime factors of 473680?
2, 5, 31, 191
List the prime factors of 14585409.
3, 89, 131, 139
What are the prime factors of 236850?
2, 3, 5, 1579
List the prime factors of 142711.
142711
What are the prime factors of 726278?
2, 7, 7411
List the prime factors of 41360.
2, 5, 11, 47
List the prime factors of 528494.
2, 23, 11489
What are the prime factors of 14444869?
137, 105437
List the prime factors of 511218.
2, 3, 9467
What are the prime factors of 284228?
2, 7, 10151
List the prime factors of 10270998.
2, 3, 127, 4493
What are the prime factors of 496987?
163, 3049
What are the prime factors of 1041326?
2, 11, 13, 331
What are the prime factors of 105010?
2, 5, 10501
What are the prime factors of 21608127?
3, 266767
List the prime factors of 869809.
869809
What are the prime factors of 1217849?
157, 7757
List the prime factors of 212757.
3, 70919
List the prime factors of 556668.
2, 3, 7, 47
What are the prime factors of 629997?
3, 373, 563
List the prime factors of 348020.
2, 5, 17401
List the prime factors of 4839077.
4839077
List the prime factors of 554873.
11, 73, 691
What are the prime factors of 1337809?
11, 19, 37, 173
List the prime factors of 4174915.
5, 834983
List the prime factors of 126554.
2, 63277
What are the prime factors of 222150?
2, 3, 5, 1481
What are the prime factors of 205046?
2, 102523
List the prime factors of 13782890.
2, 5, 11, 125299
List the prime factors of 1146430.
2, 5, 114643
List the prime factors of 10929046.
2, 5464523
List the prime factors of 385203.
3, 7, 13, 17, 83
List the prime factors of 6287135.
5, 127, 9901
List the prime factors of 201093.
3, 17, 3943
List the prime factors of 199771.
11, 13, 127
What are the prime factors of 1580883?
3, 433, 1217
List the prime factors of 4893719.
41, 119359
What are the prime factors of 2039829?
3, 11, 61813
List the prime factors of 49421.
73, 677
List the prime factors of 31882110.
2, 3, 5, 13, 81749
What are the prime factors of 1673795?
5, 334759
List the prime factors of 260963.
163, 1601
List the prime factors of 563123.
11, 51193
What are the prime factors of 31899206?
2, 23, 43, 16127
List the prime factors of 467041.
17, 83, 331
What are the prime factors of 3458905?
5, 17, 40693
What are the prime factors of 39847?
39847
List the prime factors of 2836753.
37, 43, 1783
What are the prime factors of 18298106?
2, 9149053
List the prime factors of 874829.
223, 3923
What are the prime factors of 2131257?
3, 59, 12041
List the prime factors of 5256202.
2, 7, 375443
What are the prime factors of 233033?
467, 499
What are the prime factors of 117767?
13, 9059
What are the prime factors of 269129?
7, 38447
List the prime factors of 15857190.
2, 3, 5, 176191
What are the prime factors of 3049769?
59, 51691
List the prime factors of 114933.
3, 7, 13, 421
What are the prime factors of 834176?
2, 7, 19
List the prime factors of 4018188.
2, 3, 17, 19697
List the prime factors of 900475.
5, 181, 199
What are the prime factors of 3862816?
2, 120713
List the prime factors of 413004.
2, 3, 127, 271
What are the prime factors of 11815000?
2, 5, 17, 139
What are the prime factors of 3515186?
2, 61, 28813
List the prime factors of 4649288.
2, 7, 83023
List the prime factors of 2168795.
5, 433759
What are the prime factors of 8110447?
8110447
List the prime factors of 671548.
2, 167887
List the prime factors of 301979.
301979
List the prime factors of 2129042.
2, 1064521
List the prime factors of 1780841.
401, 4441
List the prime factors of 955728.
2, 3, 6637
List the prime factors of 225705.
3, 5, 41, 367
What are the prime factors of 253296?
2, 3, 1759
What are the prime factors of 5501030?
2, 5, 17, 32359
List the prime factors of 431858.
2, 7, 109, 283
What are the prime factors of 409821?
3, 136607
List the prime factors of 437494.
2, 19, 29, 397
What are the prime factors of 296278?
2, 148139
List the prime factors of 7468910.
2, 5, 746891
List the prime factors of 350346.
2, 3, 58391
What are the prime factors of 4183?
47, 89
What are the prime factors of 538664?
2, 7, 9619
List the prime factors of 7844599.
7, 17, 65921
List the prime factors of 5604296.
2, 700537
What are the prime factors of 641140?
2, 5, 32057
What are the prime factors of 37373?
7, 19, 281
List the prime factors of 5884693.
71, 82883
List the prime factors of 6925384.
2, 733, 1181
List the prime factors of 669805.
5, 109, 1229
List the prime factors of 851178.
2, 3, 141863
What are the prime factors of 1000526?
2, 151, 3313
What are the prime factors of 1192516?
2, 13, 17, 19, 71
List the prime factor